 z(8).
2, 3
Let g(f) = -f**3 - 11*f**2 + f + 10. Let n be g(-11). Suppose 10*a = 9 + 31. List the prime factors of (22/a)/(n/(-2)).
11
Suppose 390 + 96 = -9*g. Let z = 143 + g. Suppose y - z = 50. List the prime factors of y.
139
Let s(h) = 11*h + 1824. Suppose 3*j - 9*j = 0. List the prime factors of s(j).
2, 3, 19
Suppose 15*c + 48886 = 3*c + 180322. What are the prime factors of c?
3, 1217
Let q(z) = 181 + 143 + 24*z**2 - 2*z - 292 + 5*z. What are the prime factors of q(-4)?
2, 101
Let h(f) = -98*f - 3254. What are the prime factors of h(-35)?
2, 11
What are the prime factors of (3 - 2)*(-15)/5 + 99120/3?
33037
Suppose -294*f + 299*f - 970 = 0. Let j = f + -149. List the prime factors of j.
3, 5
Suppose 6*t - 2124 = 8*t. Let k = 2002 + t. Suppose 8*s + 2*s = k. List the prime factors of s.
2, 47
Let l be (-6)/((-24)/(-20)) + 17. Suppose -14*i = -11*i + l. What are the prime factors of (3 - (-598)/4) + (-2)/i?
3, 17
Suppose -4*q - 3*o = -2*o + 10404, -10392 = 4*q - 2*o. Let j = 3858 + q. What are the prime factors of j?
2, 17, 37
Let b be ((-1512)/(-140))/((-2)/(-5)). Suppose -6377 = -b*u + 20*u. List the prime factors of u.
911
Suppose -30*l = -39*l - 18. List the prime factors of -2 + 575 + l + 6.
577
Suppose -4*q + 115 + 486 = -5*v, -5 = 5*q. Let y be 2/11 + (-220)/v. Suppose y*n - 33 - 137 = -2*w, 352 = 4*n + w. List the prime factors of n.
89
What are the prime factors of (1 + 1)*(3895 + 0)?
2, 5, 19, 41
Let a be (-2)/36*4 + 20/9. Let i be -7*(a + 276/(-21)). Suppose 5*b - i - 101 = -3*l, -b - 128 = -2*l. List the prime factors of l.
3, 7
Let g(h) = 73*h - 61. Let k be g(-6). Let t = -44 - k. What are the prime factors of t?
5, 7, 13
Suppose 0 = 32*h - 2640 - 41936. Suppose p + a - 309 = 1088, h = p + 5*a. What are the prime factors of p?
2, 3, 233
Suppose 0 = -5*d + 20, -5*y - 2*d + 3 = -5*d. What are the prime factors of 9531/18*2/y?
353
List the prime factors of (-605)/(-231) + (-81)/63 - 43949/(-3).
7, 13, 23
Let r(n) = 71*n**2 + 11*n + 27. Let v be r(-3). Suppose 2439 - v = 14*a. List the prime factors of a.
3, 43
Let l(h) = h**2 - h + 1. Let t(f) = -5*f**2 + 18*f + 2. Let v(a) = 4*l(a) + t(a). Suppose -b - 1 = -9. List the prime factors of v(b).
2, 3
List the prime factors of 2*18/4 + 164544/48.
7, 491
Suppose 0 = -u - 2*u + 4*m - 11, 1 = 2*u - m. Suppose -4*l + 1654 = 2*w, 0 = 3*w - 6*w + u. List the prime factors of l.
7, 59
Suppose 13*z = 37*z - 120. Suppose -b + 6 = 2*c, 3*c = -z*b + 3*b + 7. List the prime factors of c.
5
Let f = -284 + 294. Suppose 17*m + f*m = 1296. What are the prime factors of m?
2, 3
Let w = -4534 + 4543. Let a be ((-8)/(-6))/(4/6). Suppose -a*m = m - w. What are the prime factors of m?
3
Suppose 2*r = 1297 + 2509. Let b = r - 761. List the prime factors of b.
2, 571
Let x be (-1 + -3)/4*8. Suppose -2*c - 220 = 3*g, 369 + 71 = -4*c + 4*g. What are the prime factors of c/x + 10/40?
2, 7
Let w(r) = -378*r + 53. Let q be w(-2). Suppose 5*y - q = -14. List the prime factors of y.
3, 53
Let h(m) = -4*m + 80 - 4*m + 12*m - 8*m + 195. List the prime factors of h(24).
179
Let l be 1595/58*(-8)/10. Let a = 183 + l. List the prime factors of a.
7, 23
Suppose -12*a + 11*a + 5179 = -l, 3*a - 15529 = 5*l. List the prime factors of a.
71, 73
Let z(k) = k**3 - 136*k**2 - 678*k - 188. List the prime factors of z(141).
7, 11, 47
List the prime factors of (-204086)/(-4) + (-7191)/846.
139, 367
Let u = -59 - -57. Let f be (2/4)/(u/(-312)). Suppose p + 29 = f. List the prime factors of p.
7
Suppose -57 = -20*j + 83. Suppose -j*l + 5914 = -7575. What are the prime factors of l?
41, 47
Let n be 870/2*(5 + -6). What are the prime factors of ((4 - n/(-10)) + -2)*-22?
11, 83
Suppose -3*a - 22432 = -2*m + 8105, 5*m + 4*a = 76331. What are the prime factors of m?
3, 7, 727
Suppose -3*n + 11 = -82. Let v = 93 - n. List the prime factors of v.
2, 31
Suppose 198*c + 74863 = 241*c. List the prime factors of c.
1741
What are the prime factors of ((-6)/(-15))/((-12)/(-67360))*54/18?
2, 421
Let y(j) = 57*j - 10. Let p be (8 - -2)*11/22. Let f be y(p). Let o = 554 - f. What are the prime factors of o?
3, 31
Let z(w) = 4*w**2 + 158*w - 4246. What are the prime factors of z(48)?
2, 6277
Suppose 5984 = 4*i - 0*o - 2*o, 0 = 4*i + 3*o - 5964. Let h = i - 533. List the prime factors of h.
31
Suppose o + 5*k - 16 - 8 = 0, 0 = 4*o - k - 12. Suppose 912 = 12*n + o*n. List the prime factors of n.
3, 19
Suppose 0 = -4*r + 1 + 11. Let j be 1/r + (-10)/(-6). Suppose -j*h + 3*z = -140, -z + 7 = 3. List the prime factors of h.
2, 19
Suppose -5*z - 2*k + 9735 = -5574, 4*z = -2*k + 12246. What are the prime factors of z?
3, 1021
Suppose -3*g + 10 = -2*j - 8, 2*j = -4*g + 38. Let i(h) = -2*h**2 + 19*h - 17. Let s be i(g). Suppose 259 = s*y - 987. What are the prime factors of y?
2, 89
List the prime factors of 11 + 88/(-11) - -909.
2, 3, 19
Suppose -22698 + 84472 = 10*m - 46466. List the prime factors of m.
2, 3, 11, 41
Let o(i) = i**3 + 10*i**2 + 9*i + 3. Let x = 6 - -1. Suppose 2*r - x = -25. What are the prime factors of o(r)?
3
Let u = -97 - -184. Let h = -29 + 30. Let y = h + u. What are the prime factors of y?
2, 11
Let k(w) = -18*w**2 - 16*w - 25 + 3*w**2 + 5*w**2 + 8*w**2 + 9*w**2. List the prime factors of k(9).
2, 199
Suppose -9*l + 24 = -5*l. What are the prime factors of (-64)/(3*l/(-72))?
2
Let u(i) = -i**3 + 8*i**2 + 8*i + 11. Let w be u(9). Suppose 0 = 2*a + w*a - 16. Suppose 0 = -a*d - 5*d + 207. List the prime factors of d.
23
Suppose 4*n - 11 = -5*x, -4*n - 21 = -8*n - 3*x. List the prime factors of 33*(66 - 45/n).
3, 11, 61
Let i(t) = 24*t**2 - 3*t + 2. Let u = 4 - 9. Let b(m) = m**2 + 5*m + 1. Let c be b(u). List the prime factors of i(c).
23
Suppose -z - 15 = -4*z - 2*w, -20 = -4*z - 4*w. Suppose 3*b + 2*u = -16, 2*b - b + 4*u = -22. What are the prime factors of b/z + 2708/20?
3, 5
Suppose -19*q + 24*q + 655 = 0. List the prime factors of -19 + 17 - 2*q.
2, 5, 13
Let l(n) be the first derivative of -2*n**4 - 5*n**3/3 + 3*n**2/2 + 2*n - 50. What are the prime factors of l(-6)?
2, 383
Suppose f + 3*g = 12, 4*f = -2*g - 0 + 78. Let o = 24 + f. Suppose -o = 4*u - 401. List the prime factors of u.
89
Let w = -10082 + 15095. List the prime factors of w.
3, 557
Suppose -z + 2*y = -2947, -11*y = -4*z - 7*y + 11800. What are the prime factors of z?
2953
Suppose -2*x + 5*u + 2628 = 0, -5*u - 46 + 6 = 0. What are the prime factors of x?
2, 647
What are the prime factors of ((-1416)/(-10))/(2037/159565)?
2, 47, 59
Let o = 9872 + -5853. What are the prime factors of o?
4019
Let y(k) = 6*k**2 - 24*k + 11. Let m be y(4). Suppose m*h - 10*h = 4*p + 236, -6 = 3*p. What are the prime factors of h?
2, 3, 19
Let n(t) = 5*t**3 - 2*t**2 + 2*t - 17. Let u be n(4). Let q = 685 - u. List the prime factors of q.
2, 7, 29
Let y be (2 - (-264)/(-121)) + 268/22. Suppose -y*w + 14475 = -357. What are the prime factors of w?
2, 3, 103
Let a(n) = -148*n**3 - 17*n**2 - 43*n + 91. What are the prime factors of a(-6)?
5, 17, 373
Let c(i) = 2*i**3 - 66*i**2 + 157*i - 24. List the prime factors of c(32).
2, 3, 41
Let p = 441 + -443. Let s(l) = -109*l - 51. List the prime factors of s(p).
167
Let y be (2 - 2) + -1*107/(-1). Suppose 9*p = -35 + y. Suppose 0 = l + p*l - 504. What are the prime factors of l?
2, 7
List the prime factors of (-5 - (-300)/(-28))/((-2)/924 - 0).
2, 3, 5, 11
Let d(w) = w**3 - 2*w - 8. Let s be d(0). Let x = 134 + s. What are the prime factors of x?
2, 3, 7
Let i(y) = 4*y**2 + 2*y - 23. Let h(g) = -11*g - 205. Let q be h(-19). List the prime factors of i(q).
7
What are the prime factors of -8886*(-135)/18 + 3*(1 - -1)?
3, 13, 1709
Let m = 34166 - 8561. What are the prime factors of m?
3, 5, 569
Let n(a) be the first derivative of -143*a**4/24 - a**3/3 - 10*a**2 + 19. Let g(m) be the second derivative of n(m). What are the prime factors of g(-1)?
3, 47
Suppose 4619*s - 4631*s = -792. Suppose -4*n = -j + 6*j + 320, 2*n - 4*j = -134. Let g = s - n. List the prime factors of g.
3, 47
Let p be -1 + 2 - 2/(6 - 4). Suppose 4*k + 390 = -0*a + 2*a, p = -k + 5*a - 120. List the prime factors of k/(-6) + (1/(-6))/(-1).
2
Let y = -2647 + 19923. What are the prime factors of y?
2, 7, 617
Let p = 15 - 16. Let u be (-22 - -40) + (p + 0)/1. List the prime fac